*4/6 + 5*j**3/6 + 2104*j**2. Determine q(x).
10
Let u(l) = -l**2 + 11*l. Suppose -7 = 175*z + 13 - 20. Calculate u(z).
0
Let v(i) = i**3 + 13*i**2 + 13*i + 23. Suppose 3*x + 48 = -x. Let c be v(x). Let n(r) = -18 + 5*r - 2*r - 4*r + c. Give n(-4).
-3
Suppose -3*g - 1 = -i, 30 = -2*g + 71*i - 74*i. Let w(t) = -20*t**2 - 65*t + 2. Give w(g).
17
Let d(i) = -4*i**3 - 2*i**2 + i + 1. Let n(v) = 9*v**3 - 7*v**2 - 61*v - 6. Let u(p) = -2*d(p) - n(p). Calculate u(15).
-11
Let t(i) = 2*i + 9. Let n = 562 - 548. Suppose 23*y + 54 = n*y. Determine t(y).
-3
Let n(s) = 4*s + 44. Let f be n(-10). Let x(g) be the third derivative of 0*g + 16*g**2 - 1/6*g**3 + 0 - 1/8*g**f. Calculate x(4).
-13
Let g(r) = -r**3 - 7*r**2 - 7*r - 6. Suppose 0 = 4*q - y - 710, 3*q - 487 = -5*y + 57. Let m = -184 + q. What is g(m)?
0
Let z(i) = -i**2 - 5*i - 4. Suppose -1181*u + 1184*u = 1089. Let w = u - 368. Determine z(w).
-4
Let n(i) be the third derivative of -5*i**4/24 + i**3/2 + 3*i**2. Suppose 27*s - 20 = 23*s + b, 5*b = -4*s + 44. Determine n(s).
-27
Suppose -k = 3*n - 11, 40*k - 38*k - n + 6 = 0. Let m(a) = -6*a**3 - a + 1. What is m(k)?
8
Let c(l) = -2*l**3 + 8*l**2 + 9*l. Let s be c(5). Let y(a) = -2*a**3 - 8*a**2 + 5*a - 5. What is y(s)?
20
Let a(o) = 65*o - 32. Let y(d) = 224*d - 99. Let r(j) = 7*a(j) - 2*y(j). Give r(12).
58
Let o(q) = -6*q**3 + 22*q**2 + 6*q - 10. Let g(t) = -7*t**3 + 24*t**2 + 9*t - 12. Let r(y) = -4*g(y) + 5*o(y). Determine r(6).
34
Let z be (0 + -10)/(7/(-28)). Suppose 2*o - 16 = -2*d, z = 2*o + 3*o - 3*d. Suppose -j - 14 = 4*l, j + o = -l + 3. Let f(u) = -2*u**2 - 2*u + 2. Determine f(j).
-2
Let j(p) be the second derivative of -p**5/20 - p**4/12 + p**3/6 - 31*p**2 - 2*p - 490. Give j(0).
-62
Let b be (-8)/28 - (2413/7 + 2). Let c be 8/48 - b/6. Let h = 52 - c. Let x(g) = g**2 + 5*g - 1. Calculate x(h).
5
Let b(l) = 8*l**2 + 30*l + 21. Let u(m) = -3*m**2 - 12*m - 8. Let w(t) = -4*b(t) - 10*u(t). Let z be -1 - 0 - -2 - -8. Let n be (z/(-6))/(2/4). Calculate w(n).
-22
Let k(z) = -z + 1. Let v(i) = 2*i + 10. Suppose 4*s - 2 = -6. Let x(q) = s*v(q) + 2*k(q). Suppose 0 = h - 2*h + 3*b - 12, -4 = -2*b. What is x(h)?
16
Suppose -5*n + 1 = 2*j - 11, -4*j - 28 = -3*n. Suppose 0 = n*b - 727 + 747. Let m(k) = -k**2 - 7*k - 5. Calculate m(b).
5
Let l(q) = -3*q + 2. Let a(r) = -5*r + 5. Let o(y) = 3*a(y) - 7*l(y). Suppose 2*i = -16 + 10. Let w = -2 - i. What is o(w)?
7
Let s be 3 - 0*(10 - 6)/(-8)*-2. Let c(g) be the third derivative of 1/24*g**6 + 0 - 1/24*g**4 - 12*g**2 + 1/6*g**s + 1/60*g**5 + 0*g. Calculate c(1).
6
Let y be ((-40)/(-70))/((-1)/(-7)). Suppose 3*x = -2*m, 19 = -y*m + 7. Let f(w) = -11*w. Calculate f(x).
-22
Let j(t) = 6*t + 9. Let r(i) = 5*i + 9. Let d(q) = 3*j(q) - 4*r(q). Suppose -7*a + 503 + 904 = 0. Let k = a + -207. Give d(k).
3
Let k(g) = -2*g**3 + 2*g**2 - 4*g - 5. Let n be k(-2). Let q(m) = -n*m + 16*m - 16 + 10*m. Calculate q(-12).
-4
Suppose 21*w = 14*w + 63. Let u be (-3 + 2)/((-5)/10). Let h(r) = -2*r - 6*r - r + r**u + 6. Give h(w).
6
Let g(y) = -7*y + 1. Let r be g(1). Let t(z) = 161 + 161 - 323 - z**2 - 6*z. Give t(r).
-1
Suppose 16 = n + 3*n. Suppose n*o - 137 - 11 = 0. Suppose 42*q - o*q = 15. Let z(i) = i**2 - 3*i. Calculate z(q).
0
Let f(v) = 1 - 16*v - 2*v**2 + 0*v**2 + 2*v**2 + 3*v**2 + 2. Let j(a) = 5*a**2 - 28*a + 6. Let g(y) = -7*f(y) + 4*j(y). Let u be (1/2)/(2/12). Calculate g(u).
-6
Let r = 9300 + -9298. Let l(t) = -3*t**2 + t + 5. Determine l(r).
-5
Let t be ((-2486)/678 - 14/(-3))/(-1). Suppose -5*f = h - 8, 18 - 6 = 4*h. Let l(m) = f + 5*m**2 + 3*m**2 - 3*m**2 - 3*m**2 + m. What is l(t)?
2
Let z(o) = -191379 - 7*o**2 + 95705 + 95684 - 9*o + o**3. Let n = 22 + -14. Give z(n).
2
Let f be ((-3)/2)/(2 + 50/(-40)). Let d(c) = 15*c + 17. Give d(f).
-13
Suppose -77 = 15*f - 45*f + 133. Let a(n) = -n**2 + 6*n + 10. Determine a(f).
3
Let g(i) = 46*i + 1751. Let z be g(-38). Let a(x) be the first derivative of -23 + 2*x**z + 1/2*x**2 + x - 1/4*x**4. Determine a(6).
7
Let p(c) = -26*c**3 + c**2 - 15*c - 16. Let d be p(-1). Suppose -2*l = -3*m - d, 12 = -m + 2*l + 2. Let j(k) = -k**2 - 7*k - 10. Determine j(m).
-18
Let l(c) = c**2 + 13*c + 24. Let n(t) = -t + 20 - 15 + 0*t**3 + t**3 - 3*t**2 - 7*t. Let v be n(4). Give l(v).
2
Let w(d) = 65*d - 1. Let f be w(1). Suppose 3*a + f = 85. Let n(h) = h**2 - 8*h + 3. Determine n(a).
-4
Let l(f) = 5*f + 2. Let i(v) = v**3 + 6*v - 5. Let c be i(5). Suppose -14*x + 8*x = c. Let m = x + 23. Give l(m).
-8
Let n be (9 - -8)/((-4)/(-2) - 3). Let q(r) = -5*r - 84. Let t be q(n). Let w(c) = 3*c**3 + 2*c**2 - 2*c + 1. What is w(t)?
4
Let t(r) = -7*r**3 + 7*r - 20. Let p = 232 - 230. Let q(c) = 3*c**3 + c**2 - 4*c + 9. Let s(x) = p*t(x) + 5*q(x). Calculate s(-6).
5
Let j = 1 - -6. Suppose 4*m + 5 = -j. Let c(u) = -295393*u**2 + 2 - u**3 + 295395*u**2 - 2*u + 2*u**3. Calculate c(m).
-1
Let q(k) = k**3 - 3*k**2 - 6*k - 14. Let w be q(5). Let n(m) = -2 + 12*m**2 + 12*m**2 - 23*m**2 - w + 5*m. Determine n(-7).
6
Let t(y) = 23 - 16*y + y**2 - 32*y + 64*y - 8*y. Determine t(-7).
16
Let h(l) = 0 - 1 - 224*l + 0 + 229*l. Suppose 24 + 4 = 4*g - 5*p, 0 = -5*p. Determine h(g).
34
Let v(b) = b**2 - 3*b - 553. Let j be v(-22). Let p(d) = -d + 1. Let c(q) = -3*q**2 - 11*q + 4. Let o(u) = c(u) - 4*p(u). What is o(j)?
-6
Suppose -p - 3*f + 0*f = -13, 0 = -4*p - f + 8. Let r be ((-1)/p)/(-1*(-7)/(-14)). Let j(z) = -3*z + 3. Give j(r).
-3
Let i(v) = v**2 + 24*v + 26. Let n = -13 - 10. Let m be i(n). Let l(s) = -6*s**m + 3*s - 16*s**3 + 5*s**2 + 23*s**3. What is l(-3)?
9
Let m be 8 + (-12)/(-12) - -4 - 7. Let s(f) = 3*f**2 - 9*f + 18. Give s(m).
72
Suppose -52*c + 51*c = 40*c. Let w(k) = -13*k - 16. What is w(c)?
-16
Let h(i) = i**2 + 2*i + 8. Let o be (-602 - -579) + 31 + 0. Determine h(o).
88
Let z be (2/(-3 + 2)*1)/(-1). Suppose 2*p + z = 0, o - 2*p = -5*p. Let b(u) = -9*u**3 - 2*u - o - 7*u**3 + 0 + 7*u**2 + 15*u**3. Calculate b(7).
-17
Let y(j) = -799*j - 3278. Let n(c) = -4550*c - 18575. Let d(i) = -7*n(i) + 40*y(i). Determine d(-10).
5
Let n(m) be the third derivative of -11*m**4/24 + m**3/3 + 22*m**2 - 10. Calculate n(-5).
57
Let x(y) = -172*y - 206*y + 376*y - 7. Calculate x(4).
-15
Let x(q) be the first derivative of -q**4/4 + 23*q**3/3 - 21*q**2/2 - 24*q - 7280. What is x(22)?
-2
Suppose -1 = -5*q + l, 4*q + 2*l - 6*l = -12. Let a(c) = -5*c + 8 - q - 3. Let t(p) = 45*p**2 - 226*p + 8. Let f be t(5). Give a(f).
-11
Let n(u) = 0*u + 118 - 207 + 6*u - 6*u - 8*u. Determine n(-11).
-1
Let a(x) = -x**2 - 17*x + 126. Let m be a(-22). Let h(q) = -3*q**2 - 15*q + 2*q**2 - 10 + 2*q**2. Determine h(m).
6
Let h(g) be the third derivative of -g**5/12 + g**4/6 + g**3/6 - 6*g**2 - 5*g. Let a be h(1). Let i(j) = -j**2 + 3. Calculate i(a).
3
Let q be -4*((-2)/(-2))/(-1). Let l(b) = 2. Let k(h) = h - 19. Let c(t) = t - 4. Let a(r) = 4*c(r) - k(r). Let y(g) = a(g) - 2*l(g). Calculate y(q).
11
Let p = -552 + 554. Suppose 3*d - 7*d + 5*h - p = 0, -5*h = 2*d + 16. Let c(k) = -9*k. Calculate c(d).
27
Let u = -97 + 103. Let k(s) = -9 + 3 - s + 16*s**2 - 15*s**2 - s**3 - u. Determine k(0).
-12
Let k = 22 + -19. Suppose -76 = -4*m + 4*v, -3*m - 3*v = 49 - 130. Let w(b) = -b**2 - 3*b + 23 - m. Determine w(k).
-18
Let n(z) = z - 2. Let q(l) = 3*l**2 + 29*l - 10. Let y be q(-10). Suppose 4*d + 4 = -y*i + 4*i, -3*d - 4*i + 4 = 0. Suppose 6*j + d*j = j. What is n(j)?
-2
Let f(z) = 2*z - 9. Let m be (-16)/9 + (-6)/81*3. Let h be (m/(-6))/(10/420). Suppose h*r - 49 = 7*r. Calculate f(r).
5
Suppose -158*i + 1864 + 731 = 15*i. Let p(l) = l**3 - 15*l**2 + 8*l - 21. Calculate p(i).
99
Let z(w) = w + 14. Let b(t) = -1 - 2 + 111*t**2 - 4 + 3 - 5*t - 124*t**2. Let p be b(-1). Determine z(p).
2
Let a(u) = -17*u**3 - 91*u**2 + 84*u - 83. Let k(c) = -5*c**3 - 30*c**2 + 28*c - 28. Let j(b) = 2*a(b) - 7*k(b). What is j(-29)?
1
Let q = 1 + 1. Let f be 0/(-5*(-12)/30). Let x(y) = 0 + 2 - 2*y**2 + f*y**2 - 3*y + y**2 + 3*y**2. Determine x(q).
4
Let q(n) = 6*n - 3*n**3 + 2 + 3*n**2 + 2*n**2 + 2*n**3. Suppose 17*o + 92 = -95. Let p be ((-2)/(-4))/(1441/(-132) - o). Give q(p).
2
Let q be (-120)/24*(-6)/10 - 1. Suppose u + 2*u + 3*g = 0, 0 = -3*g - 6. Let m(k) = k**2 + 2*k**2 - k**u + 4*k - 1 - 3*k**2. Determine m(q).
3
Let q(z) be the third d